120 - j**5/20 + j**4/6 + 2*j**3/3 - 37*j**2. Let g be w(3). Is 634*1*(-1)/4*g a prime number?
False
Let p(z) = z**2. Let n(b) = 9*b**2 - 10*b + 5. Let t(w) = n(w) - 6*p(w). Let i(u) = 72*u + 9. Let y be i(0). Is t(y) a prime number?
False
Let y(q) = -1592*q + 455. Is y(-29) composite?
True
Let q(y) be the second derivative of 67/12*y**4 + 0 + 5/2*y**2 + 4*y - 2/3*y**3. Is q(2) a composite number?
True
Let g be (-1397 + -2)*3*(-4)/3. Suppose -3*i = -4*x + 5596, 16*x - 3*i = 20*x - g. Is x prime?
True
Let v(l) = -5*l - 17. Let i be v(-13). Let w = i - 39. Suppose -3*c + 5844 = w*c. Is c prime?
True
Let r be ((-60)/8)/(15/(-2690)). Suppose -150 = d - r. Is d prime?
False
Let o(l) = -l**2. Let f(b) = 81*b**2 - 17*b - 48. Let a(c) = f(c) + 3*o(c). Is a(-5) composite?
False
Suppose 4 + 0 = -4*l. Let q be ((-928)/12)/(-4)*(-9)/l. Suppose -j = a - 6*a + 290, -3*a + j = -q. Is a prime?
False
Suppose -9674 - 11014 = -8*a. Suppose 14*i - a = 3028. Is i a composite number?
False
Suppose -i - 64 = -93. Suppose -2*g = 5*d - 0*g - i, -3*d - 3*g = -21. Suppose 0 = -3*j - d*b + 280 + 167, -2*j = 5*b - 298. Is j a prime number?
True
Suppose q = 3*s + 19, -6*q = -5*q - 5*s - 29. Suppose -2*c + 52 = 5*x, -3*x + c = -2*x - 9. Suppose x*w + q*w = 12894. Is w a prime number?
False
Let t(n) = 28*n - 76. Let m be t(7). Suppose -m = -10*u + 106990. Is u prime?
True
Let u(q) be the first derivative of 4*q**4 - 4*q**3/3 + 8*q**2 - 7*q - 259. Is u(8) prime?
False
Suppose -2*k - 7 = -3. Let h be (-4)/(-12)*(1957 - k). Let y = 2094 - h. Is y a composite number?
True
Is ((-8)/(-32))/(24/7311648) composite?
False
Suppose 0 = 5*o + 238 - 2233. Suppose a = -3*z - 0*z + 1909, -3*z - 5*a + 1925 = 0. Suppose 0 = 2*u - z - o. Is u a prime number?
False
Is ((-2)/2)/(49595/(-24791) - -2) a composite number?
False
Let c(a) = 24*a**3 - 4*a**2 + 4*a - 5. Let j = -16 - 14. Let u = -23 - j. Is c(u) prime?
True
Let x = 169 - 126. Suppose -14*f + x*f = 119509. Is f composite?
True
Suppose -3*n + 698 = 2*u + n, -u = -3*n - 364. Let g be (-68)/(4/(-2)) - (-42 + 46). Is 2*3*u/g a composite number?
False
Let q(h) = 5*h + 28. Let r be q(-5). Suppose 2*o = 8, 0 = -d + r*o - 2*o + 7. Suppose -2*f - 15165 = -d*f. Is f prime?
False
Suppose 106*y - 148395 = 93*y. Suppose -5*b = -2*j + y - 41360, -29940 = -5*b + 3*j. Is b prime?
False
Let a(l) = 2 - 4*l - 15*l**3 + 2*l**2 - 1 - 5*l**2. Let d = -4310 - -4306. Is a(d) a composite number?
False
Let r(m) = 20835*m + 12472. Is r(33) a prime number?
True
Suppose -3*t - 27 = 6*t. Let z be -1 + -2 + (0 - 15/t). Suppose 0 = -z*x - 4*g + 10334, -5*x - 2*g + 0*g + 25859 = 0. Is x a prime number?
False
Let t = -50 + 85. Suppose -34*g = -t*g + 237. Is g a composite number?
True
Let z(u) = -5*u**2 + 52*u - 22. Let o be z(10). Is o + 1 - -17*202 composite?
False
Let l(m) = 2*m + 36. Let o = 54 + -72. Let u be l(o). Let i(j) = 6*j + 9091. Is i(u) a composite number?
False
Suppose 0 = -91*o + 88*o + 971445. Is o composite?
True
Suppose -h + 424748 = 3*x, -849529 = 1006*h - 1008*h + 5*x. Is h a prime number?
True
Let r(f) = 411*f**3 - 9*f**2 + 23*f + 17. Is r(6) a composite number?
False
Let o(t) be the third derivative of 245*t**4/8 - 41*t**3/3 - 12*t**2 - 4. Is o(5) a composite number?
False
Let c(q) = 9391*q**3 - 2*q**2 - 131*q + 275. Is c(2) a composite number?
False
Let t = -83 + 95. Suppose -23*a + 27*a = t. Suppose -a*p + 1139 = 134. Is p a composite number?
True
Let x(s) = 5*s**2 - 24*s + 85. Let i be x(36). Suppose 16*p - i - 27931 = 0. Is p composite?
True
Let m = 246341 - 137182. Is m a prime number?
True
Suppose 42749 = o + d - 33990, -5*o + 7*d + 383695 = 0. Is o composite?
True
Let v(g) = -952*g + 3. Let y be 24/4*1/(-2). Let t be 10/(-15) - (1 - (-2)/y). Is v(t) a composite number?
True
Let d(v) = 240*v - 25. Let h(w) = -95*w - 23*w - 12 - 122*w + 38. Let q(f) = -5*d(f) - 6*h(f). Is q(6) a prime number?
True
Let z = 101 - 95. Is 63770/4 + 120/(-16) + z a prime number?
False
Let c = 26438 - 5587. Is c prime?
False
Suppose -354217 = -3*a + 4*u, -a + 118049 = 8*u - 6*u. Is a a composite number?
True
Let a(k) be the third derivative of 53*k**4/8 + 367*k**3/6 + 115*k**2. Is a(28) a prime number?
False
Suppose -10 = i - z, i + 3*i = z - 46. Suppose -2*y + 3*n = -198 + 2597, -3*y - 5*n = 3570. Is (y/20)/(-1*(-1)/i) a composite number?
True
Is (-3081098)/(-3) + -2 - ((-240)/36)/20 a prime number?
True
Let m = -35 - -38. Suppose -m*s + s = 30. Is (-5710)/s*3/2 composite?
False
Let p(w) = -10*w**2 + 10*w - 11. Let i be p(-8). Let z = -136 - i. Suppose 0 = -5*u + 2*q + 3*q + z, -3*u - 3*q + 333 = 0. Is u a composite number?
True
Is (-490068)/(-72)*(48 - 2) prime?
False
Let d be (-12)/(-24)*(3 + 3983). Suppose 5158 = 3*z - 5*o, -4*z + 4*o = -d - 4871. Is z composite?
True
Let l = 183 - 102. Let p = l + -74. Suppose 5*o = -5*q + 2765, 2*o + 2*q - p*q = 1106. Is o composite?
True
Let j(x) = -19*x + 223751. Is j(0) prime?
False
Let x be 8*((-413)/4)/(-7). Let a = x + -184. Let q = -43 - a. Is q prime?
True
Suppose -o = -4*d + 7705, d - 9635 = -4*d + 5*o. Let x = d - 503. Is x prime?
True
Suppose 0 = -3*y + 3*u + 171108, 1735*u - 1731*u = -28. Is y a prime number?
False
Suppose 0 = -a + 3*p - 17, -6*a + 2*p + 17 = -11*a. Is (-26186)/(4/10*a) prime?
True
Let p(b) = -9*b - 10. Let y be p(-2). Suppose -y*r + 16548 + 35620 = 0. Is r a prime number?
True
Suppose 1719*h - 1711*h = 17224. Is h prime?
True
Suppose -2*x - 5*q + 46 = 0, 5*q = -3*x + 6*x - 94. Is 49/x + (-120090)/(-8) composite?
False
Let t(b) = 31*b + 202. Let r be t(-4). Is 17302/123*r/4 prime?
False
Let x(l) = -l**2 + 13*l - 14. Let z be x(11). Suppose z*m = 3034 + 1334. Suppose -528 = -6*y + m. Is y composite?
False
Is (-2)/4*-45174*(-4)/(-12) prime?
True
Let f = -1 - -3. Let j = -15 + 18. Suppose -v + j*v = 3*h + 431, -f*v - h = -419. Is v a composite number?
False
Suppose 97 = -5*p - 5*q + 407, -72 = -p + q. Is p prime?
True
Let u(w) = 4*w**2 - 7*w + 6. Let l(c) = -7*c**2 + 13*c - 12. Let h(k) = -3*l(k) - 5*u(k). Let r be h(3). Suppose -138 = -r*v + v. Is v a composite number?
True
Let w(h) = 22*h - 7267. Let i(x) = 33*x - 10901. Let k(g) = 5*i(g) - 8*w(g). Is k(0) prime?
True
Suppose -61910 + 612348 = -57*r + 3500131. Is r a prime number?
True
Let t(d) = 307683*d + 4504. Is t(7) composite?
True
Suppose 293720 + 343901 = 37*u. Is u composite?
True
Suppose 4*m - 5*m = 5. Let h be (4 - 2) + m + 5. Is (-3)/((-42)/h) - 21228/(-21) a composite number?
True
Let o(q) = 16200*q**2 + 29*q + 5. Is o(-2) a prime number?
True
Let v = -105884 - -161647. Is v a composite number?
False
Let p(h) = -115*h**3 + 22. Let m be p(-4). Let b = 14049 + m. Is b a prime number?
False
Let p(z) = -48*z**3 - 2*z**2 - 5*z - 5. Let a(l) = 10*l - 82. Let f be a(8). Is p(f) a prime number?
False
Suppose -5*d + 4 + 11 = 0. Suppose -2*f - 4*j + 91 + 207 = 0, 2*j = d*f - 407. Suppose f = 2*r - 3*q, -5*r = -2*q - 359 - 16. Is r prime?
False
Let z = -545488 - -788165. Is z a prime number?
True
Suppose -3*j + 28 = 11*j. Suppose -3*k + j*q = -2*k - 4, 3*k - 2*q - 20 = 0. Is (10 + -8)/(k/5836) a prime number?
True
Suppose 2*c = -4*h + 16645 + 31067, -5*c + 35777 = 3*h. Is h prime?
False
Suppose 5*o = -4*g - 0*g + 141159, 105867 = 3*g + 6*o. Is g composite?
False
Is (18 + (-1577800)/16)/(2/(-4)) composite?
True
Suppose w = 2*f + 3*w - 14, -20 = -3*f - 4*w. Suppose -f*i = -85039 - 39097. Is i composite?
True
Is (285/(-9) - 2)*(-13868583)/493 a prime number?
False
Suppose 440*v = 450*v - 3270610. Is v composite?
True
Suppose 10*j - 8*j = 6, 0 = 3*a - 2*j - 108804. Suppose i = 2*c - 3*i - 14478, -a = -5*c - 5*i. Is c composite?
True
Suppose -18 = 3*u + 4*f - 58, -3*u + 2*f + 16 = 0. Let q(w) = -36*w + 7*w**2 - 3 - 5*w**2 + 5*w**2. Is q(u) a prime number?
True
Is 21/63*(172242 - 3) a composite number?
False
Suppose -11*a + 70371 + 87479 = 0. Suppose 0 = -19*c + 6037 + a. Is c a composite number?
True
Let d(i) = -113*i**2 - 116*i - 36. Let j be d(-22). Is (5/15)/((-8)/j) composite?
True
Is (-2642)/8*-1723 + (-8)/(-32) prime?
True
Let q = 15744 - -14065. Is q composite?
True
Suppose -3*g + 6*d = 10*d - 75991, 0 = -3*g + d + 75986. Is g composite?
True
Suppose 0 = 137*t - 929830 - 815741 - 178868. Is t a composite number?
True
Let v(x) = -210*x**3 + 1